5*v + 15. Calculate l(12).
75
Let w(y) = 2*y + 8. Give w(-5).
-2
Let a(n) = -n**3 - 3*n**2 + 3*n + 4. What is a(-4)?
8
Let f(h) = -h**2 + 12*h - 5. What is f(11)?
6
Let z(r) = r**3 + 9*r**2 + 2*r + 3. Calculate z(-9).
-15
Let i(z) = -z**3 - 5*z**2. What is i(-4)?
-16
Let o(u) = -u**3 + 4*u**2 + 2*u - 4. What is o(4)?
4
Let q(a) = -a**3 - a**2 + 3*a - 2. What is q(0)?
-2
Let f(l) = 3*l. Give f(6).
18
Let l(q) = -q**2 + 4*q + 3. What is l(-2)?
-9
Let p(x) = 12*x**2 - 5*x - 3. What is p(-1)?
14
Let u(n) = n**3 + 12*n**2 + 11*n - 7. What is u(-11)?
-7
Let r(p) = p**3 + 16*p**2 + 11*p - 7. Determine r(-15).
53
Let g(z) = z**3 - 5*z**2 - 19*z + 15. What is g(7)?
-20
Let l(n) = -13*n + 138. Give l(11).
-5
Let s(j) = -22*j - 277. Give s(-13).
9
Let x(k) = -k**2 - 11*k - 25. Calculate x(-6).
5
Let c(o) = o + 14. What is c(15)?
29
Let s(f) = f + 24. What is s(-6)?
18
Let p(n) = 22*n - 440. What is p(20)?
0
Let a(l) = 2*l**3 + 15*l**2 - 8*l + 6. What is a(-8)?
6
Let q(w) = w**3 - 5*w**2 + 4*w + 4. Calculate q(2).
0
Let t(o) = 2*o**3 + o**2 - 35*o - 4. Calculate t(-4).
24
Let l(i) = 2*i**3 - 3*i - 2. Determine l(0).
-2
Let d(u) = u**3 - 6*u**2 - 6*u + 2. Determine d(7).
9
Let z(h) = h**2 - 10*h + 12. What is z(9)?
3
Let i(h) = -h**2 + 11*h - 7. Give i(7).
21
Let n(u) = -u**3 - 10*u**2 + 11*u + 2. Determine n(-11).
2
Let m(o) = -14*o + 317. What is m(23)?
-5
Let t(q) = -23*q**2. Determine t(1).
-23
Let y(c) = 2*c - 9. Determine y(5).
1
Let v(a) = -a**3 + 15*a**2. What is v(15)?
0
Let u(b) = 24*b - 11. Calculate u(0).
-11
Let k(y) = -y - 12. Give k(-10).
-2
Let z(x) = 2*x + 25. What is z(-7)?
11
Let r(m) = m**2 - 24*m + 140. Determine r(12).
-4
Let q(k) = 37*k + 48. Give q(-2).
-26
Let m(r) = r**3 - 45*r**2 - 48*r + 89. What is m(46)?
-3
Let k(d) = 52*d - 2. Calculate k(1).
50
Let l(g) = g**2 - 3*g - 25. Give l(8).
15
Let m(u) = u**3 + 16*u**2 - 10*u + 16. Give m(-17).
-103
Let a(x) = 6*x**2 - x - 6. Calculate a(2).
16
Let t(v) = 17*v - 263. Calculate t(16).
9
Let r(w) = w**2 + 9*w. Determine r(-4).
-20
Let g(x) = -3*x + 4. What is g(-4)?
16
Let b(c) = -3*c**2 + 6*c + 3. What is b(5)?
-42
Let y(k) = 18*k - 155. What is y(9)?
7
Let l(m) = 4*m**2 + 31*m + 27. Give l(-7).
6
Let n(h) = h**3 + 4*h**2 - 23*h - 2. Determine n(-7).
12
Let x(h) = -6*h - 78. Give x(-11).
-12
Let s(r) = 2*r**2 - 2*r - 5. Calculate s(-2).
7
Let u(d) = -d**3 - 17*d**2 - 40*d + 21. Determine u(-14).
-7
Let z(x) = -2*x**2 + 18*x - 32. Determine z(3).
4
Let f(b) = 6*b - 3. What is f(7)?
39
Let r(q) = -q**3 + 49*q**2 + 211*q + 48. Determine r(53).
-5
Let f(g) = -11*g - 3. Calculate f(1).
-14
Let i(g) = -g**2 + 5*g + 58. What is i(-6)?
-8
Let u(w) = 4*w**2 - 11*w + 22. What is u(3)?
25
Let o(u) = -3*u + 20. What is o(-7)?
41
Let f(k) = k**2 + k - 145. What is f(12)?
11
Let m(q) = q**3 - 6*q**2 + 5*q + 15. Determine m(4).
3
Let s(z) = 5*z**2 - 7*z - 2. What is s(-2)?
32
Let x(y) = y**2 - 3. What is x(6)?
33
Let t(w) = 4*w - 14. Calculate t(2).
-6
Let m(o) = 54*o - 432. Give m(8).
0
Let s(k) = -k**2 - 4*k + 12. Determine s(-6).
0
Let v(w) = w**2 + 2*w - 1. Give v(-7).
34
Let i(c) = 3*c**2 - 7*c + 6. Calculate i(4).
26
Let u(f) = -f**3 - 14*f**2 - 3*f. Give u(-14).
42
Let s(u) = 7*u**2 + u - 5. Determine s(1).
3
Let j(p) = -p**3 + 2*p**2 + 2*p - 3. Determine j(3).
-6
Let m(k) = k**2 - 4*k - 6. Calculate m(5).
-1
Let o(y) = -2*y + 10. Determine o(10).
-10
Let x(r) = r**3 + 9*r**2 - r - 5. Determine x(-9).
4
Let h(t) = -t - 2. Calculate h(1).
-3
Let t(a) = 47*a**2 - 46*a - 2. What is t(1)?
-1
Let z(r) = r**2 - 9*r + 15. What is z(7)?
1
Let t(r) = r**3 + 14*r**2 + 18*r + 79. Determine t(-13).
14
Let o(n) = -n**3 + 51*n**2 - 101*n + 145. What is o(49)?
-2
Let y(h) = -9*h + 135. Calculate y(15).
0
Let p(f) = -5*f + 28. Determine p(5).
3
Let f(r) = 38*r - 20. Give f(2).
56
Let f(v) = v**3 - 9*v**2 - 7*v - 29. What is f(10)?
1
Let r(i) = -2*i**2 + 11*i - 6. Give r(0).
-6
Let f(j) = 7*j**3 + 2*j**2 - j + 1. What is f(1)?
9
Let h(n) = 2*n + 17. Calculate h(-10).
-3
Let n(s) = s**3 + 6*s**2 + 7*s + 6. Calculate n(-5).
-4
Let b(p) = -p**2 + 8*p + 14. Determine b(10).
-6
Let b(v) = -v**2 + 8*v - 10. Determine b(5).
5
Let c(t) = -t**2 - 6*t. Determine c(-7).
-7
Let o(k) = -k**2 + 6*k - 7. What is o(5)?
-2
Let t(y) = -y**2 - 8*y - 6. Calculate t(-6).
6
Let v(a) = -2*a**2 - 27*a - 35. Give v(-12).
1
Let s(v) = 14*v**2 + 5*v - 5. Give s(1).
14
Let u(r) = r**3 + 8*r**2 + 7*r - 3. Determine u(-6).
27
Let r(n) = 7*n - 31. Calculate r(4).
-3
Let q(w) = -w**2 + 5*w - 10. What is q(4)?
-6
Let o(h) = h**2 + 15*h + 27. Give o(-11).
-17
Let q(d) = -3*d**2 - 3*d + 2. What is q(1)?
-4
Let p(g) = -g**2 + g - 1. What is p(1)?
-1
Let u(x) = -x**3 + 7*x**2 - 12*x + 2. What is u(3)?
2
Let y(c) = -5*c**2 - 13*c + 1. Give y(-3).
-5
Let x(d) = -d**2 - 6*d - 3. Determine x(-4).
5
Let l(u) = u**3 - 11*u**2 - 12*u - 5. Determine l(12).
-5
Let q(g) = 3*g + 24. What is q(-6)?
6
Let i(w) = 2*w**3 + 6*w**2 + 4*w - 5. What is i(-2)?
-5
Let u(g) = -g**3 + 9*g**2 - 5*g - 4. Calculate u(8).
20
Let o(z) = 8*z - 58. What is o(7)?
-2
Let i(p) = p**2 - 7*p + 2. What is i(6)?
-4
Let g(t) = 22*t - 39. What is g(2)?
5
Let r(l) = -10*l. Determine r(3).
-30
Let x(a) = -16*a - 10. Calculate x(3).
-58
Let q(t) = -13*t - 63. What is q(-5)?
2
Let q(r) = -r**2 - 8*r. What is q(-8)?
0
Let f(q) = -q + 9. Determine f(-7).
16
Let a(y) = -y + 15. What is a(0)?
15
Let l(z) = z**3 - 27*z**2 - z + 6. What is l(27)?
-21
Let o(t) = -t - 54. Give o(8).
-62
Let f(t) = t**2 + 3*t + 2. What is f(-2)?
0
Let x(q) = 6*q + 6. What is x(-5)?
-24
Let o(a) = 14*a + 57. Calculate o(-11).
-97
Let m(q) = q**2 - 10*q + 10. Give m(4).
-14
Let i(l) = -3*l**3 + 2*l**2 - 6*l + 10. Give i(2).
-18
Let o(t) = t**3 + 11*t**2 + 23*t + 28. Determine o(-8).
36
Let s(v) = 2*v + 3. What is s(-9)?
-15
Let v(r) = 3*r + 6. What is v(-3)?
-3
Let r(y) = 2*y**3 - 1. What is r(-2)?
-17
Let j(q) = -2*q**2 - 3*q - 6. What is j(0)?
-6
Let n(t) = 2*t**3 - 3*t**2 - 5*t - 2. Calculate n(-1).
-2
Let c(p) = -p**2 - 19*p - 51. Give c(-16).
-3
Let n(g) = -6*g - 6. Determine n(-6).
30
Let m(u) = -u**2 + 24*u + 71. Calculate m(26).
19
Let p(n) = -15*n. What is p(-2)?
30
Let w(q) = q - 16. Calculate w(3).
-13
Let q(v) = 2*v**2 - 19*v + 12. Give q(7).
-23
Let x(f) = f**2 + 42*f + 312. What is x(-9)?
15
Let p(t) = t**2 - 4*t + 14. Determine p(6).
26
Let u(f) = f**2 + 41*f - 41. Give u(1).
1
Let i(z) = -7*z - 16. What is i(-2)?
-2
Let g(a) = -2*a**3 + 4*a**2 + 4*a - 12. What is g(3)?
-18
Let a(b) = b**2 - 9*b - 14. Calculate a(10).
-4
Let q(x) = 12*x - 22. Determine q(2).
2
Let f(a) = -a**2 - 2*a + 5. Give f(4).
-19
Let g(q) = -3*q + 9. What is g(8)?
-15
Let u(j) = -j**3 - 14*j**2 + 3*j - 31. Give u(-14).
-73
Let u(l) = -l**3 - 8*l**2 - 9*l - 16. Determine u(-7).
-2
Let n(j) = -j**2 + 6*j + 2. Calculate n(-2).
-14
Let r(l) = -32*l + 31. What is r(1)?
-1
Let v(u) = -2*u**3 - 3*u**2 - 2*u. What is v(-2)?
8
Let a(l) = -2*l**2 - 15*l + 15. What is a(-14)?
-167
Let m(q) = -6*q**3 + 2*q. What is m(1)?
-4
Let i(d) = 23*d + 115. Determine i(-7).
-46
Let m(k) = k**3 + 7*k**2 - 15*k - 46. Calculate m(-8).
10
Let v(t) = -5*t**2 + 6*t - 9. Give v(3).
-36
Let v(q) = 7*q - 184. Calculate v(27).
5
Let c(h) = -h**3 + 8*h**2 - 7*h + 8. Calculate c(7).
8
Let y(q) = -q + 19. What is y(15)?
4
Let m(z) = -z**3 + 6*z**2 - 5*z + 1. Determine m(2).
7
Let v(p) = p**3 - 5*p**2 + 3*p + 2. Give v(5).
17
Let y(h) = 7*h**2 + 198*h + 60. Calculate y(-28).
4
Let x(w) = 51*w - 428. What is x(8)?
-20
Let l(t) = -t**3 - 3*t**2 + 19*t + 61. Give l(-5).
16
Let u(d) = -9*d + 2. Give u(-1).
11
Let a(o) = 2*o - 6. Determine a(5).
4
Let w(b) = -b**3 - b**2 - 3*b - 2. What is w(-2)?
8
Let a(c) = -c**2 - 12*c + 190. Give a(-21).
1
Let u(b) = 3*b**2 - 2*b - 55. Determine u(5).
10
Let s(f) = -f**2 + 28*f - 64. Determine s(26).
-12
Let k(i) = 91*i + 365. Determine k(-4).
1
Let o(z) = -z**3 + 11*z**2 - 7*z + 13. What is o(11)?
-64
Let a(n) = -2*n**2 + 22*n - 30. Calculate a(6).
30
Let v(u) = 6*u - 23. Determine v(3).
-5
Let x(j) = 19*j**3 + 2*j - 4. Give x(1).
17
Let m(p) = 3*p - 14. Give m(4).
-2
Let r(m) = 3*m**3 + 2*m**2 - 1. What is r(-1)?
-2
Let r(m) = m**2 - 17*m + 7. What is r(15)?
-23
Let q(t) = 20*t + 63. What is q(5)?
163
Let n(o) = -o**3 - o**